 of 25899088?
2, 29, 55817
List the prime factors of 303764.
2, 75941
What are the prime factors of 65707?
65707
List the prime factors of 6311336.
2, 337, 2341
List the prime factors of 13226332.
2, 7, 472369
List the prime factors of 12177.
3, 11, 41
List the prime factors of 4067098.
2, 7, 47, 883
What are the prime factors of 503360?
2, 5, 11, 13
List the prime factors of 4749421.
4749421
What are the prime factors of 175378?
2, 7, 12527
List the prime factors of 3036583.
11, 41, 6733
List the prime factors of 2183759.
53, 41203
What are the prime factors of 2307543?
3, 7, 109883
What are the prime factors of 1202925?
3, 5, 43, 373
List the prime factors of 1211314.
2, 13, 46589
What are the prime factors of 2701990?
2, 5, 19, 14221
What are the prime factors of 365523?
3, 37, 89
What are the prime factors of 1571125?
5, 12569
List the prime factors of 395772.
2, 3, 13, 43, 59
List the prime factors of 2215605.
3, 5, 7, 21101
List the prime factors of 4441262.
2, 7, 45319
List the prime factors of 5834168.
2, 729271
List the prime factors of 357458.
2, 367, 487
What are the prime factors of 109501?
7, 15643
What are the prime factors of 4404158?
2, 11, 18199
List the prime factors of 5801392.
2, 29, 12503
What are the prime factors of 11211982?
2, 5605991
What are the prime factors of 324885?
3, 5, 11, 179
What are the prime factors of 352474?
2, 176237
What are the prime factors of 529661?
11, 179, 269
List the prime factors of 893519.
11, 29, 2801
List the prime factors of 621252.
2, 3, 17257
What are the prime factors of 450871?
47, 53, 181
List the prime factors of 2428678.
2, 7, 47, 3691
What are the prime factors of 176864?
2, 5527
List the prime factors of 2154195.
3, 5, 197
List the prime factors of 12742648.
2, 1592831
What are the prime factors of 276327?
3, 30703
What are the prime factors of 1863907?
683, 2729
What are the prime factors of 60900?
2, 3, 5, 7, 29
What are the prime factors of 534377?
113, 4729
What are the prime factors of 844215?
3, 5, 23, 2447
List the prime factors of 15752520.
2, 3, 5, 7, 19, 47
List the prime factors of 1397851.
7, 13, 15361
What are the prime factors of 3859249?
59, 149, 439
List the prime factors of 12389178.
2, 3, 19, 108677
List the prime factors of 434731.
11, 39521
List the prime factors of 2749975.
5, 317, 347
List the prime factors of 1129488.
2, 3, 23531
What are the prime factors of 16015616?
2, 73, 857
What are the prime factors of 869159?
17, 29, 41, 43
What are the prime factors of 163940?
2, 5, 7, 1171
What are the prime factors of 4189262?
2, 7, 11, 2473
List the prime factors of 151578.
2, 3, 7, 401
What are the prime factors of 3325248?
2, 3, 23, 251
List the prime factors of 101317.
71, 1427
What are the prime factors of 446763?
3, 148921
What are the prime factors of 4248929?
17, 109, 2293
What are the prime factors of 605510?
2, 5, 151, 401
What are the prime factors of 4898519?
73, 67103
What are the prime factors of 515342?
2, 257671
List the prime factors of 692210.
2, 5, 69221
What are the prime factors of 1317742?
2, 658871
List the prime factors of 226118.
2, 167, 677
What are the prime factors of 22515947?
4111, 5477
What are the prime factors of 332206?
2, 7, 61, 389
List the prime factors of 3879928.
2, 13, 37307
What are the prime factors of 179166?
2, 3, 13, 2297
List the prime factors of 32281.
19, 1699
List the prime factors of 3927044.
2, 11, 149, 599
List the prime factors of 262157.
7, 17, 2203
List the prime factors of 7281670.
2, 5, 11, 53, 1249
List the prime factors of 206528.
2, 7, 461
List the prime factors of 890003.
890003
List the prime factors of 473734.
2, 236867
What are the prime factors of 342169?
67, 5107
What are the prime factors of 1572900?
2, 3, 5, 7, 107
What are the prime factors of 986779?
986779
List the prime factors of 13418733.
3, 4472911
List the prime factors of 2036085.
3, 5, 149, 911
List the prime factors of 3070988.
2, 767747
What are the prime factors of 24471?
3, 2719
List the prime factors of 14473741.
14473741
List the prime factors of 133741.
19, 7039
What are the prime factors of 461978?
2, 11, 23, 83
List the prime factors of 372741.
3, 124247
List the prime factors of 152395.
5, 29, 1051
List the prime factors of 24352787.
71, 227, 1511
What are the prime factors of 937184?
2, 29287
What are the prime factors of 6354727?
6354727
What are the prime factors of 1045697?
139, 7523
List the prime factors of 2206544.
2, 137909
What are the prime factors of 1773239?
13, 136403
List the prime factors of 2895117.
3, 17, 56767
What are the prime factors of 848913?
3, 13, 21767
List the prime factors of 4682259.
3, 17, 101
List the prime factors of 6654463.
17, 197, 1987
What are the prime factors of 271797?
3, 90599
List the prime factors of 324164.
2, 81041
List the prime factors of 2342444.
2, 13, 107, 421
List the prime factors of 5691224.
2, 7, 11, 9239
What are the prime factors of 104941?
17, 6173
List the prime factors of 2397717.
3, 7, 5437
What are the prime factors of 458139?
3, 11, 13883
List the prime factors of 34412583.
3, 11470861
What are the prime factors of 27106422?
2, 3, 7, 37, 17443
List the prime factors of 7728955.
5, 13, 118907
What are the prime factors of 1051628?
2, 283, 929
List the prime factors of 1975251.
3, 658417
List the prime factors of 5154740.
2, 5, 17, 15161
What are the prime factors of 3077892?
2, 3, 28499
List the prime factors of 5121.
3, 569
List the prime factors of 908226.
2, 3, 11, 139
List the prime factors of 1472866.
2, 736433
List the prime factors of 495994.
2, 247997
List the prime factors of 574779.
3, 41, 4673
What are the prime factors of 1035593?
13, 37, 2153
What are the prime factors of 475510?
2, 5, 7, 6793
What are the prime factors of 16422452?
2, 4105613
List the prime factors of 5965342.
2, 2982671
What are the prime factors of 1004938?
2, 11, 17, 2687
List the prime factors of 100811.
100811
What are the prime factors of 363798?
2, 3, 6737
What are the prime factors of 427348?
2, 19, 5623
List the prime factors of 7418123.
199, 37277
What are the prime factors of 12002200?
2, 5, 7, 8573
What are the prime factors of 4491947?
1217, 3691
What are the prime factors of 987927?
3, 329309
What are the prime factors of 8168234?
2, 2003, 2039
List the prime factors of 319915.
5, 109, 587
What are the prime factors of 237949?
17, 13997
What are the prime factors of 4372103?
401, 10903
List the prime factors of 3408058.
2, 17, 100237
List the prime factors of 849767.
849767
List the prime factors of 1875029.
13, 23, 6271
List the prime factors of 276898.
2, 138449
What are the prime factors of 30093684?
2, 3, 31, 80897
List the prime factors of 1550863.
1123, 1381
List the prime factors of 52967.
52967
What are the prime factors of 1672673?
563, 2971
What are the prime factors of 3458164?
2, 864541
What are the prime factors of 223166?
2, 241, 463
List the prime factors of 6329539.
41, 317, 487
List the prime factors of 2004255.
3, 5, 11, 4049
What are the prime factors of 223246?
2, 111623
List the prime factors of 5627202.
2, 3, 7, 133981
List the prime factors of 598630.
2, 5, 59863
What are the prime factors of 5073431?
11, 61, 7561
What are the prime factors of 1312549?
7, 187507
What are the prime factors of 27531?
3, 7, 19, 23
List the prime factors of 6710066.
2, 11, 23, 89, 149
What are the prime factors of 171411?
3, 17, 3361
What are the prime factors of 170067?
3, 83, 683
List the prime factors of 1337881.
263, 5087
What are the prime factors of 99222?
2, 3, 23, 719
List the prime factors of 487167.
3, 162389
List the prime factors of 141526.
2, 7, 11, 919
What are the prime factors of 27605727?
3, 19, 23, 7019
What are the prime factors of 381146?
2, 190573
What are the prime factors of 4295332?
2, 53, 20261
What are the prime factors of 79472?
2, 4967
What are the prime factors of 780923?
11, 13, 43, 127
What are the prime factors of 197968?
2, 12373
What are the prime factors of 15512452?
2, 3878113
What are the prime factors of 122681?
13, 9437
List the prime factors of 502263.
3, 55807
What are the prime factors of 161278?
2, 13, 6203
What are the prime factors of 43830?
2, 3, 5, 487
What are the prime factors of 13448079?
3, 31, 16067
List the prime f